r of 79380 and 1110?
30
What is the highest common factor of 108 and 63108?
36
Calculate the greatest common divisor of 4120 and 13460.
20
What is the highest common factor of 6750 and 20520?
270
Calculate the greatest common factor of 9796 and 11408.
124
Calculate the greatest common divisor of 231108 and 36.
12
Calculate the greatest common factor of 152835 and 92.
23
What is the greatest common divisor of 16099 and 6239?
17
Calculate the highest common factor of 11 and 1709191.
11
Calculate the greatest common divisor of 28 and 7721.
7
Calculate the highest common factor of 110 and 613635.
55
Calculate the highest common factor of 105283 and 127.
127
What is the highest common divisor of 63035 and 70?
35
What is the highest common divisor of 21971 and 381?
127
Calculate the greatest common divisor of 812960 and 160.
160
Calculate the highest common divisor of 594 and 157146.
66
What is the greatest common factor of 660 and 5860?
20
What is the greatest common factor of 8994 and 51?
3
What is the greatest common factor of 1029578 and 2332?
1166
Calculate the greatest common factor of 5076800 and 152.
152
Calculate the highest common factor of 2288 and 533632.
176
Calculate the greatest common divisor of 38 and 678.
2
Calculate the greatest common divisor of 47 and 157121.
47
Calculate the greatest common divisor of 320 and 52960.
160
Calculate the highest common factor of 12069 and 3321.
81
Calculate the greatest common divisor of 18 and 1611234.
18
What is the greatest common factor of 692703 and 63?
9
What is the greatest common divisor of 3247 and 3629?
191
Calculate the highest common divisor of 96 and 1534704.
48
What is the highest common divisor of 5512530 and 1590?
1590
Calculate the greatest common factor of 24 and 176820.
12
Calculate the highest common divisor of 2485 and 1015371.
497
What is the greatest common factor of 7755 and 3?
3
What is the highest common factor of 39 and 6227?
13
What is the greatest common factor of 330 and 25905?
165
Calculate the greatest common factor of 319 and 60784.
29
What is the highest common factor of 19 and 512639?
19
Calculate the greatest common factor of 748 and 22814.
374
Calculate the highest common divisor of 270 and 349610.
10
Calculate the highest common divisor of 2899 and 4407.
13
Calculate the highest common factor of 1482 and 63498.
114
What is the greatest common factor of 5050 and 50?
50
What is the highest common divisor of 1042124 and 488?
244
Calculate the greatest common divisor of 15 and 192.
3
What is the highest common factor of 1767 and 7923?
57
What is the highest common divisor of 1725 and 594780?
345
What is the greatest common factor of 3009 and 7123?
17
What is the greatest common divisor of 115 and 545?
5
Calculate the greatest common factor of 808896 and 1728.
192
Calculate the highest common divisor of 43409 and 332.
83
Calculate the greatest common factor of 120 and 41940.
60
Calculate the greatest common factor of 340 and 396984.
68
Calculate the highest common divisor of 1279562 and 142.
142
What is the greatest common factor of 1004 and 40411?
251
Calculate the greatest common divisor of 3015 and 12.
3
Calculate the highest common factor of 123285 and 330.
15
Calculate the highest common factor of 64 and 97504.
32
Calculate the greatest common divisor of 512890 and 140.
70
What is the greatest common divisor of 171395 and 3735?
415
What is the greatest common factor of 127170 and 360?
90
Calculate the highest common factor of 1628 and 5324.
44
What is the greatest common divisor of 875 and 650300?
175
What is the greatest common factor of 12654 and 6438?
222
Calculate the greatest common divisor of 1464 and 4209.
183
Calculate the greatest common divisor of 2040 and 2940.
60
What is the highest common divisor of 44145 and 63828?
81
What is the highest common divisor of 50827 and 10549?
959
What is the greatest common divisor of 33 and 189959?
11
Calculate the highest common factor of 2603 and 2055.
137
What is the highest common divisor of 22 and 85437?
11
Calculate the greatest common factor of 1985 and 64711.
397
What is the greatest common factor of 1 and 2137859?
1
What is the highest common divisor of 480 and 2055?
15
Calculate the highest common divisor of 7770920 and 655.
655
Calculate the highest common factor of 1048856 and 344.
344
Calculate the highest common divisor of 210207 and 123.
123
Calculate the greatest common factor of 42765 and 5.
5
Calculate the greatest common factor of 77 and 803.
11
Calculate the highest common divisor of 16 and 36976.
16
What is the greatest common factor of 62 and 140616?
62
What is the greatest common factor of 10 and 143270?
10
What is the highest common factor of 7110 and 1347108?
474
Calculate the greatest common factor of 50 and 16925.
25
Calculate the highest common divisor of 5232 and 15216.
48
Calculate the greatest common factor of 10740 and 11420.
20
Calculate the highest common divisor of 36603 and 95256.
441
What is the highest common divisor of 1472 and 273263?
23
What is the greatest common divisor of 2402829 and 11?
11
What is the highest common divisor of 31080 and 12?
12
What is the highest common factor of 5674462 and 2694?
898
What is the highest common factor of 19642 and 1281?
427
Calculate the highest common factor of 13326 and 78.
6
Calculate the greatest common divisor of 959 and 1781.
137
Calculate the greatest common factor of 23090 and 110.
10
Calculate the greatest common factor of 25 and 973520.
5
What is the greatest common divisor of 2942739 and 18?
9
Calculate the highest common divisor of 1503 and 9.
9
Calculate the greatest common factor of 220909 and 169.
13
Calculate the highest common factor of 1406095 and 2337.
779
What is the highest common divisor of 2541 and 50457?
363
What is the highest common factor of 38550 and 4350?
150
What is the highest common divisor of 742 and 434812?
742
What is the greatest common divisor of 27619 and 10503?
389
Calculate the highest common factor of 16 and 631088.
16
What is the greatest common divisor of 28 and 1608?
4
Calculate the highest common divisor of 79872 and 117.
39
Calculate the greatest common factor of 25792 and 2728.
248
What is the greatest common factor of 15 and 7129065?
15
What is the highest common divisor of 513 and 54321?
57
What is the highest common divisor of 773007 and 2346?
1173
What is the greatest common divisor of 1490884 and 670?
134
What is the greatest common factor of 49162 and 1081?
47
What is the highest common factor of 726520 and 82?
82
What is the greatest common factor of 25644 and 36?
12
What is the greatest common factor of 190855 and 3325?
665
Calculate the highest common factor of 29704 and 2444.
188
Calculate the greatest common factor of 1656 and 32544.
72
What is the greatest common factor of 14486620 and 20?
20
What is the greatest common factor of 18898 and 176?
22
What is the greatest common divisor of 14880 and 132?
12
Calculate the greatest common factor of 118 and 161306.
118
Calculate the greatest common factor of 346 and 32351.
173
What is the greatest common factor of 234 and 14562?
18
What is the highest common factor of 30 and 14298?
6
Calculate the highest common divisor of 28 and 124194.
14
What is the highest common factor of 12 and 274812?
12
Calculate the greatest common factor of 270 and 1605.
15
Calculate the greatest common factor of 7680 and 722880.
960
What is the highest common factor of 10476 and 388?
388
What is the greatest common factor of 2585 and 19505?
235
What is the highest common divisor of 7266 and 1050?
42
What is the highest common factor of 307 and 229022?
307
Calculate the greatest common factor of 3832 and 328.
8
What is the highest common factor of 7039274 and 110?
22
What is the greatest common divisor of 338 and 122?
2
Calculate the highest common factor of 27117 and 207.
207
What is the highest common factor of 2 and 7247?
1
What is the greatest common divisor of 16 and 204668?
4
Calculate the highest common divisor of 6250 and 1575.
25
Calculate the highest common divisor of 304 and 79572.
76
What is the highest common factor of 540216 and 648?
216
Calculate the greatest common factor of 36450 and 54000.
1350
What is the greatest common factor of 152420 